is 2110211102211 (base 3) in base 9?
2424384
-10000101010000001011101 (base 2) to base 8
-20520135
Convert 28a67 (base 16) to base 7.
1262301
What is 22011011110 (base 3) in base 2?
100111001011110100
Convert -8898957 (base 10) to base 2.
-100001111100100110001101
Convert -9aa940 (base 13) to base 10.
-3650790
13269 (base 10) to base 16
33d5
220201100020 (base 3) to base 2
1110110110001011100
What is -41746 (base 8) in base 16?
-43e6
Convert -11020111020 (base 4) to base 3.
-2112022202220
What is -122351232 (base 6) in base 12?
-95b518
Convert -533a21 (base 11) to base 14.
-18352c
-2101022211 (base 3) to base 2
-1011011100101110
What is -130440035 (base 6) in base 15?
-3573c5
246507 (base 8) to base 3
11100000222
What is 9cb066 (base 13) in base 4?
32021123030
a819 (base 12) to base 7
104541
-1211040312 (base 5) to base 8
-12630563
-396231 (base 11) to base 9
-1148756
Convert 22100033331 (base 4) to base 16.
2903fd
What is 12959 (base 11) in base 7?
104544
Convert 100011011010100001 (base 2) to base 12.
6bb41
-1200102323 (base 4) to base 12
-17030b
What is 52066 (base 7) in base 9?
18424
What is 90215 (base 16) in base 11?
3735a9
-b4441 (base 15) to base 14
-10c2da
Convert -1000010110101010110011 (base 2) to base 16.
-216ab3
What is 74320 (base 8) in base 3?
1120102111
Convert -363102 (base 9) to base 16.
-3569f
-13334d (base 14) to base 5
-132140321
What is -2c2a4 (base 14) in base 16?
-1aed8
What is 7738c (base 13) in base 12?
a4b61
-1691709 (base 13) to base 6
-420441433
What is 32414143 (base 5) in base 4?
1010030002
Convert 34163 (base 7) to base 8.
20735
What is 100101001001011111101 (base 2) in base 8?
4511375
2320315 (base 6) to base 16
1d237
12201001202 (base 3) to base 12
54bb5
What is 651607 (base 10) in base 7?
5352505
Convert -355135 (base 12) to base 4.
-3101231321
-3743b6 (base 16) to base 8
-15641666
What is 54737 (base 9) in base 4?
20313202
What is -133861 (base 13) in base 7?
-3644452
Convert 110340422 (base 5) to base 7.
4041365
Convert -2a3da3 (base 15) to base 8.
-7614673
Convert cc49c (base 14) to base 13.
14430a
What is -1012423432 (base 5) in base 15?
-2b04e7
What is 180780 (base 9) in base 10?
112176
What is 716505 (base 12) in base 4?
12301001111
Convert 294427 (base 11) to base 3.
212100121020
Convert -b86741 (base 13) to base 7.
-51531352
Convert 11111101111000110101010 (base 2) to base 12.
2952576
What is 10222121121 (base 3) in base 9?
128547
-400c94 (base 13) to base 15
-1e5a4b
What is 312633 (base 8) in base 16?
1959b
132324421 (base 5) to base 13
1a4a81
What is 2021113 (base 5) in base 11?
2259a
What is -11194 (base 15) in base 14?
-15b52
Convert 112100033 (base 5) to base 7.
4163614
Convert 52457054 (base 8) to base 16.
aa5e2c
-24056 (base 9) to base 7
-64623
What is -220210121011 (base 3) in base 6?
-14243521
Convert 13112003321 (base 4) to base 15.
28072e
-a4121 (base 12) to base 6
-4332441
-373aa4 (base 15) to base 2
-1010000101110000100101
-78604 (base 11) to base 2
-11011110011001001
44366776 (base 8) to base 5
4422014041
Convert 111011100001111001011 (base 2) to base 7.
22403035
What is -172a7bb (base 12) in base 11?
-2780095
Convert -148854 (base 10) to base 8.
-442566
What is 1b6a5 (base 13) in base 2?
1101001001110101
What is -201120102022110 (base 3) in base 9?
-21512273
ac92 (base 14) to base 6
350304
-130299 (base 13) to base 11
-292755
-2294c (base 13) to base 4
-33121331
Convert -25446c (base 15) to base 2.
-110110100001000001001
What is 105030311 (base 6) in base 12?
785397
Convert -240562 (base 12) to base 15.
-b7402
What is 1b2619 (base 13) in base 6?
22450330
What is -24767 (base 13) in base 8?
-203152
-35426035 (base 7) to base 4
-23330320330
282173 (base 11) to base 10
442093
Convert -234057 (base 9) to base 4.
-202113031
Convert 40507 (base 11) to base 15.
12801
What is -5223143 (base 6) in base 15?
-4ea90
-100100000010000101100 (base 2) to base 12
-48b350
What is -118a4b7 (base 12) in base 4?
-31002221023
Convert 45a0b0 (base 12) to base 11.
6a2868
What is 17013032 (base 8) in base 9?
7361603
-2244d3 (base 16) to base 12
-903817
10110001110011111010010 (base 2) to base 14
ab9518
Convert 29155b (base 12) to base 7.
5560232
-10102100201002 (base 3) to base 16
-1bbd38
What is -33334002 (base 5) in base 6?
-10140254
What is -1000021202121 (base 3) in base 7?
-4364614
What is -12372566 (base 9) in base 8?
-27121100
What is -420369 (base 10) in base 14?
-ad2a5
What is 1917a4 (base 11) in base 6?
10154132
Convert -46131455 (base 7) to base 3.
-21120110210022
What is -296888 (base 16) in base 15?
-38910b
What is -20041 (base 7) in base 5?
-123311
What is -111111000101101111001010 (base 2) in base 15?
-16ba4b5
-264173 (base 9) to base 7
-1236003
What is 203032253 (base 6) in base 7?
41531436
-385c06 (base 13) to base 8
-5127172
What is 122012000121 (base 3) in base 11?
211170
221012222110 (base 3) to base 12
1bb356
Convert -4a130 (base 13) to base 11.
-93550
What is 404b07 (base 12) in base 7?
11350423
What is -13162405 (base 7) in base 11?
-756039
Convert -20304341 (base 5) to base 14.
-4480d
Convert 11110100110110001 (base 2) to base 12.
60669
Convert 14aab58 (base 13) to base 6.
353531021
What is 2a05692 (base 11) in base 12?
188a90a
What is 78dc15 (base 16) in base 14?
10a2777
Convert 2104700 (base 8) to base 9.
1042504
Convert 2012023433 (base 5) to base 6.
222034532
Convert 1100020211 (base 3) to base 7.
140023
150 (base 13) to base 2
11101010
Convert -11001111101001111101000 (base 2) to base 3.
-110210200221220
-7249089 (base 11) to base 6
-1134113541
Convert -7735 (base 15) to base 9.
-37565
Convert -1010001101011111111001 (base 2) to base 5.
-1141123404
Convert -514040003 (base 6) to base 5.
-4232313302
Convert 111121102001212 (base 3) to base 16.
6e58f2
What is -331011223 (base 4) in base 12?
-100977
-61485 (base 12) to base 7
-1035512
3110223 (base 6) to base 15
2e2bc
15530035 (base 6) to base 9
1036625
Convert -5023443 (base 9) to base 7.
-31501434
1011110111101000011010 (base 2) to base 5
1244031300
-190876 (base 10) to base 5
-22102001
3017234 (base 8) to base 9
1440470
What is 104bc7 (base 13) in base 3?
201102010222
What is 1bd59 (base 15) in base 13?
32406
What is -124155 (base 11) in base 5?
-22231323
5773377 (base 8) to base 10
1570559
2200110101012 (base 3) to base 4
11130030113
-11ca1 (base 15) to base 12
-28a97
-110232000133 (base 4) to base 14
-a154bd
Convert -221544113 (base 7) to base 13.
-2a0a535
Convert -133132323 (base 4) to base 16.
-1f7bb
-342231003 (base 5) to base 8
-5640246
What is 232526 (base 10) in base 15?
48d6b
What is 10623460 (base 10) in base 14?
15a7748
What is -76027a (base 13) in base 3?
-12012202220022
What is 186660 (base 10) in base 3?
100111001100
Convert -13ab502 (base 13) to base 8.
-27661460
What is -2092844 (base 11) in base 9?
-6826038
Convert -24120040 (base 5) to base 14.
-5b46d
What is -12aad6 (base 15) in base 11?
-562887
What is 13212412 (base 5) in base 14?
36292
Convert -eccb (base 15) to base 10.
-50141
164299 (base 12) to base 13
1042b3
Convert -10445010 (base 6) to base 7.
-2461050
Convert -413032432 (base 5) to base 6.
-100114514
11124101314 (base 5) to base 7
206546530
-111243330 (base 5) to base 8
-1704026
What is 2ba9fc (base 16) in base 3?
12101101022212
357577 (base 10) to base 12
152b21
Convert 121221120121000 (base 3) to base 12.
3024116
What is -10d2ff (base 16) in base 2?
-100001101001011111111
Convert 29aa8c (base 15) to base 11.
1153584
What is -30113203 (base 4) in base 7?
-300460
What is -8136326 (base 9) in base 5?
-2102204101
-4de808 (base 15) to base 3
-21001020201222
Convert -858107 (base 13) to base 6.
-151034525
-a519 (base 13) to base 16
-5935
-bd1d (base 15) to base 6
-505314
Convert 1223012330 (base 4) to base 5.
103014331
76c42 (base 13) to base 11
137749
What is -8541158 (base 10) in base 13?
-1a00852
Convert 10331132 (base 4) to base 16.
4f5e
What is -101120300222 (base 4) in base 3?
-22120120012212
10310023022 (base 4) to base 5
310343112
-1102220122111 (base 3) to base 10
-765922
2711605 (base 9) to base 5
334442011
1528773 (base 10) to base 16
1753c5
Convert 3880526 (base 12) to base 9.
22821223
Convert 741147 (base 10) to base 16.
b4f1b
-26577070 (base 8) to base 7
-101454526
-22132310 (base 4) to ba